[INFO] cloning repository https://github.com/AdExNetwork/adex-supermarket
[INFO] running `Command { std: "git" "-c" "credential.helper=" "-c" "credential.helper=/workspace/cargo-home/bin/git-credential-null" "clone" "--bare" "https://github.com/AdExNetwork/adex-supermarket" "/workspace/cache/git-repos/https%3A%2F%2Fgithub.com%2FAdExNetwork%2Fadex-supermarket", kill_on_drop: false }`
[INFO] [stderr] Cloning into bare repository '/workspace/cache/git-repos/https%3A%2F%2Fgithub.com%2FAdExNetwork%2Fadex-supermarket'...
[INFO] running `Command { std: "git" "rev-parse" "HEAD", kill_on_drop: false }`
[INFO] [stdout] 0dd603880e2ab72679e83cad084aff57daa37254
[INFO] building AdExNetwork/adex-supermarket against master#881c1ac408d93bb7adaa3a51dabab9266e82eee8 for issue-85264
[INFO] running `Command { std: "git" "clone" "/workspace/cache/git-repos/https%3A%2F%2Fgithub.com%2FAdExNetwork%2Fadex-supermarket" "/workspace/builds/worker-7/source", kill_on_drop: false }`
[INFO] [stderr] Cloning into '/workspace/builds/worker-7/source'...
[INFO] [stderr] done.
[INFO] validating manifest of git repo https://github.com/AdExNetwork/adex-supermarket on toolchain 881c1ac408d93bb7adaa3a51dabab9266e82eee8
[INFO] running `Command { std: "/workspace/cargo-home/bin/cargo" "+881c1ac408d93bb7adaa3a51dabab9266e82eee8" "metadata" "--manifest-path" "Cargo.toml" "--no-deps", kill_on_drop: false }`
[INFO] removed /workspace/builds/worker-7/source/rust-toolchain
[INFO] started tweaking git repo https://github.com/AdExNetwork/adex-supermarket
[INFO] finished tweaking git repo https://github.com/AdExNetwork/adex-supermarket
[INFO] tweaked toml for git repo https://github.com/AdExNetwork/adex-supermarket written to /workspace/builds/worker-7/source/Cargo.toml
[INFO] crate git repo https://github.com/AdExNetwork/adex-supermarket already has a lockfile, it will not be regenerated
[INFO] running `Command { std: "/workspace/cargo-home/bin/cargo" "+881c1ac408d93bb7adaa3a51dabab9266e82eee8" "fetch" "--manifest-path" "Cargo.toml", kill_on_drop: false }`
[INFO] [stderr]     Updating git repository `https://github.com/AdExNetwork/adex-validator-stack-rust`
[INFO] [stderr]     Updating git submodule `https://github.com/AdExNetwork/adex-protocol-eth`
[INFO] [stderr]     Blocking waiting for file lock on package cache
[INFO] [stderr]  Downloading crates ...
[INFO] [stderr]   Downloaded unsigned-varint v0.3.3
[INFO] [stderr]   Downloaded multihash v0.11.4
[INFO] [stderr]   Downloaded ctor v0.1.17
[INFO] [stderr]   Downloaded serde-hex v0.1.0
[INFO] [stderr]   Downloaded pin-project-internal v1.0.3
[INFO] [stderr]   Downloaded cid v0.5.1
[INFO] [stderr]   Downloaded serde_with v1.6.0
[INFO] [stderr]   Downloaded parse-display-derive v0.4.1
[INFO] [stderr]   Downloaded serde_with_macros v1.3.0
[INFO] [stderr]   Downloaded deadpool v0.6.0
[INFO] [stderr]   Downloaded pin-project v1.0.3
[INFO] [stderr]   Downloaded pin-project-lite v0.2.1
[INFO] [stderr]   Downloaded parse-display v0.4.1
[INFO] [stderr]   Downloaded slog-term v2.6.0
[INFO] [stderr]   Downloaded woothee v0.11.0
[INFO] [stderr]   Downloaded positioned-io v0.2.2
[INFO] [stderr]   Downloaded slog-async v2.5.0
[INFO] [stderr]   Downloaded wiremock v0.4.3
[INFO] [stderr]   Downloaded merkletree v0.10.0
[INFO] running `Command { std: "docker" "create" "-v" "/var/lib/crater-agent-workspace/builds/worker-7/target:/opt/rustwide/target:rw,Z" "-v" "/var/lib/crater-agent-workspace/builds/worker-7/source:/opt/rustwide/workdir:ro,Z" "-v" "/var/lib/crater-agent-workspace/cargo-home:/opt/rustwide/cargo-home:ro,Z" "-v" "/var/lib/crater-agent-workspace/rustup-home:/opt/rustwide/rustup-home:ro,Z" "-e" "SOURCE_DIR=/opt/rustwide/workdir" "-e" "CARGO_TARGET_DIR=/opt/rustwide/target" "-e" "CARGO_HOME=/opt/rustwide/cargo-home" "-e" "RUSTUP_HOME=/opt/rustwide/rustup-home" "-w" "/opt/rustwide/workdir" "-m" "1610612736" "--user" "0:0" "--network" "none" "ghcr.io/rust-lang/crates-build-env/linux@sha256:20528e8c29e4536546f0102ce88568b16ea7538393a33fcca951030f7af10457" "/opt/rustwide/cargo-home/bin/cargo" "+881c1ac408d93bb7adaa3a51dabab9266e82eee8" "metadata" "--no-deps" "--format-version=1", kill_on_drop: false }`
[INFO] [stdout] 5d739357b36187cf7657f5c31e27a1eb848fab0ddf789fa2ba4f45b7f846441a
[INFO] [stderr] WARNING: Your kernel does not support swap limit capabilities or the cgroup is not mounted. Memory limited without swap.
[INFO] running `Command { std: "docker" "start" "-a" "5d739357b36187cf7657f5c31e27a1eb848fab0ddf789fa2ba4f45b7f846441a", kill_on_drop: false }`
[INFO] running `Command { std: "docker" "inspect" "5d739357b36187cf7657f5c31e27a1eb848fab0ddf789fa2ba4f45b7f846441a", kill_on_drop: false }`
[INFO] running `Command { std: "docker" "rm" "-f" "5d739357b36187cf7657f5c31e27a1eb848fab0ddf789fa2ba4f45b7f846441a", kill_on_drop: false }`
[INFO] [stdout] 5d739357b36187cf7657f5c31e27a1eb848fab0ddf789fa2ba4f45b7f846441a
[INFO] running `Command { std: "docker" "create" "-v" "/var/lib/crater-agent-workspace/builds/worker-7/target:/opt/rustwide/target:rw,Z" "-v" "/var/lib/crater-agent-workspace/builds/worker-7/source:/opt/rustwide/workdir:ro,Z" "-v" "/var/lib/crater-agent-workspace/cargo-home:/opt/rustwide/cargo-home:ro,Z" "-v" "/var/lib/crater-agent-workspace/rustup-home:/opt/rustwide/rustup-home:ro,Z" "-e" "SOURCE_DIR=/opt/rustwide/workdir" "-e" "CARGO_TARGET_DIR=/opt/rustwide/target" "-e" "CARGO_INCREMENTAL=0" "-e" "RUST_BACKTRACE=full" "-e" "RUSTFLAGS=--cap-lints=forbid" "-e" "CARGO_HOME=/opt/rustwide/cargo-home" "-e" "RUSTUP_HOME=/opt/rustwide/rustup-home" "-w" "/opt/rustwide/workdir" "-m" "1610612736" "--user" "0:0" "--network" "none" "ghcr.io/rust-lang/crates-build-env/linux@sha256:20528e8c29e4536546f0102ce88568b16ea7538393a33fcca951030f7af10457" "/opt/rustwide/cargo-home/bin/cargo" "+881c1ac408d93bb7adaa3a51dabab9266e82eee8" "build" "--frozen" "--message-format=json", kill_on_drop: false }`
[INFO] [stdout] f22964b0505f913c2665ed55d2b932f234a0a1f61bdc561aba54fa61b2f7bc1b
[INFO] [stderr] WARNING: Your kernel does not support swap limit capabilities or the cgroup is not mounted. Memory limited without swap.
[INFO] running `Command { std: "docker" "start" "-a" "f22964b0505f913c2665ed55d2b932f234a0a1f61bdc561aba54fa61b2f7bc1b", kill_on_drop: false }`
[INFO] [stderr]    Compiling proc-macro2 v1.0.24
[INFO] [stderr]    Compiling unicode-xid v0.2.1
[INFO] [stderr]    Compiling autocfg v1.0.1
[INFO] [stderr]    Compiling version_check v0.9.2
[INFO] [stderr]    Compiling lazy_static v1.4.0
[INFO] [stderr]    Compiling cfg-if v1.0.0
[INFO] [stderr]    Compiling cfg-if v0.1.10
[INFO] [stderr]    Compiling memchr v2.3.4
[INFO] [stderr]    Compiling log v0.4.11
[INFO] [stderr]    Compiling fnv v1.0.7
[INFO] [stderr]    Compiling slab v0.4.2
[INFO] [stderr]    Compiling const_fn v0.4.5
[INFO] [stderr]    Compiling rand_core v0.4.2
[INFO] [stderr]    Compiling pkg-config v0.3.19
[INFO] [stderr]    Compiling pin-project-lite v0.2.1
[INFO] [stderr]    Compiling cc v1.0.66
[INFO] [stderr]    Compiling proc-macro-nested v0.1.6
[INFO] [stderr]    Compiling matches v0.1.8
[INFO] [stderr]    Compiling bytes v0.5.6
[INFO] [stderr]    Compiling percent-encoding v2.1.0
[INFO] [stderr]    Compiling tinyvec_macros v0.1.0
[INFO] [stderr]    Compiling pin-project-internal v0.4.27
[INFO] [stderr]    Compiling getrandom v0.1.16
[INFO] [stderr]    Compiling futures-io v0.3.9
[INFO] [stderr]    Compiling pin-utils v0.1.0
[INFO] [stderr]    Compiling regex-syntax v0.6.21
[INFO] [stderr]    Compiling bitflags v1.2.1
[INFO] [stderr]    Compiling pin-project-lite v0.1.11
[INFO] [stderr]    Compiling ryu v1.0.5
[INFO] [stderr]    Compiling maybe-uninit v2.0.0
[INFO] [stderr]    Compiling openssl v0.10.32
[INFO] [stderr]    Compiling proc-macro2 v0.4.30
[INFO] [stderr]    Compiling scopeguard v1.1.0
[INFO] [stderr]    Compiling arrayref v0.3.6
[INFO] [stderr]    Compiling ident_case v1.0.1
[INFO] [stderr]    Compiling rayon-core v1.9.0
[INFO] [stderr]    Compiling foreign-types-shared v0.1.1
[INFO] [stderr]    Compiling slog v2.7.0
[INFO] [stderr]    Compiling native-tls v0.2.7
[INFO] [stderr]    Compiling httparse v1.3.4
[INFO] [stderr]    Compiling hashbrown v0.9.1
[INFO] [stderr]    Compiling ppv-lite86 v0.2.10
[INFO] [stderr]    Compiling unicode-xid v0.1.0
[INFO] [stderr]    Compiling keccak v0.1.0
[INFO] [stderr]    Compiling openssl-probe v0.1.2
[INFO] [stderr]    Compiling syn v0.15.44
[INFO] [stderr]    Compiling try-lock v0.2.3
[INFO] [stderr]    Compiling httpdate v0.3.2
[INFO] [stderr]    Compiling tower-service v0.3.0
[INFO] [stderr]    Compiling remove_dir_all v0.5.3
[INFO] [stderr]    Compiling num-derive v0.2.5
[INFO] [stderr]    Compiling either v1.6.1
[INFO] [stderr]    Compiling encoding_rs v0.8.26
[INFO] [stderr]    Compiling base-x v0.2.8
[INFO] [stderr]    Compiling woothee v0.11.0
[INFO] [stderr]    Compiling mime v0.3.16
[INFO] [stderr]    Compiling unicode-width v0.1.8
[INFO] [stderr]    Compiling take_mut v0.2.2
[INFO] [stderr]    Compiling base64 v0.13.0
[INFO] [stderr]    Compiling ipnet v2.3.0
[INFO] [stderr]    Compiling ansi_term v0.11.0
[INFO] [stderr]    Compiling vec_map v0.8.2
[INFO] [stderr]    Compiling futures-task v0.3.9
[INFO] [stderr]    Compiling futures-channel v0.3.9
[INFO] [stderr]    Compiling thread_local v1.1.0
[INFO] [stderr]    Compiling tracing-core v0.1.17
[INFO] [stderr]    Compiling tinyvec v1.1.0
[INFO] [stderr]    Compiling unicode-bidi v0.3.4
[INFO] [stderr]    Compiling rand_core v0.3.1
[INFO] [stderr]    Compiling rand_jitter v0.1.4
[INFO] [stderr]    Compiling form_urlencoded v1.0.0
[INFO] [stderr]    Compiling generic-array v0.14.4
[INFO] [stderr]    Compiling standback v0.2.14
[INFO] [stderr]    Compiling unicase v2.6.0
[INFO] [stderr]    Compiling error-chain v0.12.4
[INFO] [stderr]    Compiling time v0.2.23
[INFO] [stderr]    Compiling cookie v0.14.3
[INFO] [stderr]    Compiling http v0.2.2
[INFO] [stderr]    Compiling foreign-types v0.3.2
[INFO] [stderr]    Compiling num-traits v0.2.14
[INFO] [stderr]    Compiling num-integer v0.1.44
[INFO] [stderr]    Compiling crossbeam-utils v0.8.1
[INFO] [stderr]    Compiling memoffset v0.6.1
[INFO] [stderr]    Compiling indexmap v1.6.1
[INFO] [stderr]    Compiling crossbeam-utils v0.7.2
[INFO] [stderr]    Compiling num-bigint v0.3.1
[INFO] [stderr]    Compiling num-iter v0.1.42
[INFO] [stderr]    Compiling rayon v1.5.0
[INFO] [stderr]    Compiling num-rational v0.3.2
[INFO] [stderr]    Compiling blake2s_simd v0.5.11
[INFO] [stderr]    Compiling blake2b_simd v0.5.11
[INFO] [stderr]    Compiling array-init v0.0.4
[INFO] [stderr]    Compiling textwrap v0.11.0
[INFO] [stderr]    Compiling rand_hc v0.1.0
[INFO] [stderr]    Compiling rand_isaac v0.1.1
[INFO] [stderr]    Compiling rand_xorshift v0.1.1
[INFO] [stderr]    Compiling openssl-sys v0.9.60
[INFO] [stderr]    Compiling net2 v0.2.37
[INFO] [stderr]    Compiling rand_os v0.1.3
[INFO] [stderr]    Compiling socket2 v0.3.19
[INFO] [stderr]    Compiling rand v0.4.6
[INFO] [stderr]    Compiling memmap v0.7.0
[INFO] [stderr]    Compiling positioned-io v0.2.2
[INFO] [stderr]    Compiling rand_pcg v0.1.2
[INFO] [stderr]    Compiling rand_chacha v0.1.1
[INFO] [stderr]    Compiling tracing v0.1.22
[INFO] [stderr]    Compiling want v0.3.0
[INFO] [stderr]    Compiling unicode-normalization v0.1.16
[INFO] [stderr]    Compiling tiny-keccak v1.5.0
[INFO] [stderr]    Compiling aho-corasick v0.7.15
[INFO] [stderr]    Compiling dirs v2.0.2
[INFO] [stderr]    Compiling smallvec v0.6.13
[INFO] [stderr]    Compiling clap v2.33.3
[INFO] [stderr]    Compiling quote v1.0.8
[INFO] [stderr]    Compiling rand_core v0.5.1
[INFO] [stderr]    Compiling mio v0.6.23
[INFO] [stderr]    Compiling rand v0.6.5
[INFO] [stderr]    Compiling rand v0.3.23
[INFO] [stderr]    Compiling quote v0.6.13
[INFO] [stderr]    Compiling block-buffer v0.9.0
[INFO] [stderr]    Compiling digest v0.9.0
[INFO] [stderr]    Compiling mime_guess v2.0.3
[INFO] [stderr]    Compiling http-body v0.3.1
[INFO] [stderr]    Compiling term v0.6.1
[INFO] [stderr]    Compiling syn v1.0.58
[INFO] [stderr]    Compiling crossbeam-epoch v0.9.1
[INFO] [stderr]    Compiling crossbeam-channel v0.5.0
[INFO] [stderr]    Compiling rust-crypto v0.2.36
[INFO] [stderr]    Compiling rand_chacha v0.2.2
[INFO] [stderr]    Compiling crossbeam-channel v0.4.4
[INFO] [stderr]    Compiling idna v0.2.0
[INFO] [stderr]    Compiling sha2 v0.9.2
[INFO] [stderr]    Compiling sha3 v0.9.1
[INFO] [stderr]    Compiling sha-1 v0.9.2
[INFO] [stderr]    Compiling regex v1.4.2
[INFO] [stderr]    Compiling num-complex v0.3.1
[INFO] [stderr]    Compiling rand v0.7.3
[INFO] [stderr]    Compiling crossbeam-deque v0.8.0
[INFO] [stderr]    Compiling mio-uds v0.6.8
[INFO] [stderr]    Compiling slog-async v2.5.0
[INFO] [stderr]    Compiling multihash v0.11.4
[INFO] [stderr]    Compiling tempfile v3.1.0
[INFO] [stderr]    Compiling darling_core v0.10.2
[INFO] [stderr]    Compiling merkletree v0.10.0
[INFO] [stderr]    Compiling serde_derive v1.0.118
[INFO] [stderr]    Compiling futures-macro v0.3.9
[INFO] [stderr]    Compiling tokio-macros v0.2.6
[INFO] [stderr]    Compiling time-macros-impl v0.1.1
[INFO] [stderr]    Compiling pin-project-internal v1.0.3
[INFO] [stderr]    Compiling data-encoding-macro-internal v0.1.9
[INFO] [stderr]    Compiling parse-display-derive v0.4.1
[INFO] [stderr]    Compiling thiserror-impl v1.0.23
[INFO] [stderr]    Compiling async-trait v0.1.42
[INFO] [stderr]    Compiling darling_macro v0.10.2
[INFO] [stderr]    Compiling time-macros v0.1.1
[INFO] [stderr]    Compiling tokio v0.2.24
[INFO] [stderr]    Compiling data-encoding-macro v0.1.10
[INFO] [stderr]    Compiling multibase v0.8.0
[INFO] [stderr]    Compiling darling v0.10.2
[INFO] [stderr]    Compiling thiserror v1.0.23
[INFO] [stderr]    Compiling serde_with_macros v1.3.0
[INFO] [stderr]    Compiling futures-util v0.3.9
[INFO] [stderr]    Compiling cid v0.5.1
[INFO] [stderr]    Compiling pin-project v1.0.3
[INFO] [stderr]    Compiling pin-project v0.4.27
[INFO] [stderr]    Compiling tracing-futures v0.2.4
[INFO] [stderr]    Compiling parse-display v0.4.1
[INFO] [stderr]    Compiling futures-executor v0.3.9
[INFO] [stderr]    Compiling serde v1.0.118
[INFO] [stderr]    Compiling tokio-util v0.3.1
[INFO] [stderr]    Compiling tokio-tls v0.3.1
[INFO] [stderr]    Compiling futures v0.3.9
[INFO] [stderr]    Compiling h2 v0.2.7
[INFO] [stderr]    Compiling url v2.2.0
[INFO] [stderr]    Compiling serde_json v1.0.61
[INFO] [stderr]    Compiling chrono v0.4.19
[INFO] [stderr]    Compiling serde_with v1.6.0
[INFO] [stderr]    Compiling serde_urlencoded v0.7.0
[INFO] [stderr]    Compiling serde_millis v0.1.1
[INFO] [stderr]    Compiling toml v0.5.8
[INFO] [stderr]    Compiling serde-hex v0.1.0
[INFO] [stderr]    Compiling publicsuffix v1.5.4
[INFO] [stderr]    Compiling cookie_store v0.12.0
[INFO] [stderr]    Compiling slog-term v2.6.0
[INFO] [stderr]    Compiling fake v1.3.0
[INFO] [stderr]    Compiling hyper v0.13.9
[INFO] [stderr]    Compiling num v0.3.1
[INFO] [stderr]    Compiling primitives v0.1.0 (https://github.com/AdExNetwork/adex-validator-stack-rust?branch=dev#98232b01)
[INFO] [stderr]    Compiling hyper-tls v0.4.3
[INFO] [stderr]    Compiling reqwest v0.10.10
[INFO] [stderr]    Compiling supermarket v0.1.0 (/opt/rustwide/workdir)
[INFO] [stderr]     Finished dev [unoptimized + debuginfo] target(s) in 3m 05s
[INFO] running `Command { std: "docker" "inspect" "f22964b0505f913c2665ed55d2b932f234a0a1f61bdc561aba54fa61b2f7bc1b", kill_on_drop: false }`
[INFO] running `Command { std: "docker" "rm" "-f" "f22964b0505f913c2665ed55d2b932f234a0a1f61bdc561aba54fa61b2f7bc1b", kill_on_drop: false }`
[INFO] [stdout] f22964b0505f913c2665ed55d2b932f234a0a1f61bdc561aba54fa61b2f7bc1b
[INFO] running `Command { std: "docker" "create" "-v" "/var/lib/crater-agent-workspace/builds/worker-7/target:/opt/rustwide/target:rw,Z" "-v" "/var/lib/crater-agent-workspace/builds/worker-7/source:/opt/rustwide/workdir:ro,Z" "-v" "/var/lib/crater-agent-workspace/cargo-home:/opt/rustwide/cargo-home:ro,Z" "-v" "/var/lib/crater-agent-workspace/rustup-home:/opt/rustwide/rustup-home:ro,Z" "-e" "SOURCE_DIR=/opt/rustwide/workdir" "-e" "CARGO_TARGET_DIR=/opt/rustwide/target" "-e" "CARGO_INCREMENTAL=0" "-e" "RUST_BACKTRACE=full" "-e" "RUSTFLAGS=--cap-lints=forbid" "-e" "CARGO_HOME=/opt/rustwide/cargo-home" "-e" "RUSTUP_HOME=/opt/rustwide/rustup-home" "-w" "/opt/rustwide/workdir" "-m" "1610612736" "--user" "0:0" "--network" "none" "ghcr.io/rust-lang/crates-build-env/linux@sha256:20528e8c29e4536546f0102ce88568b16ea7538393a33fcca951030f7af10457" "/opt/rustwide/cargo-home/bin/cargo" "+881c1ac408d93bb7adaa3a51dabab9266e82eee8" "test" "--frozen" "--no-run" "--message-format=json", kill_on_drop: false }`
[INFO] [stdout] e0a3722e58cd90b6aaf761730ee505688bff8abc29ac65ec9dc1fb0b2f91c9cc
[INFO] [stderr] WARNING: Your kernel does not support swap limit capabilities or the cgroup is not mounted. Memory limited without swap.
[INFO] running `Command { std: "docker" "start" "-a" "e0a3722e58cd90b6aaf761730ee505688bff8abc29ac65ec9dc1fb0b2f91c9cc", kill_on_drop: false }`
[INFO] [stderr]    Compiling cache-padded v1.1.1
[INFO] [stderr]    Compiling http-types v2.9.0
[INFO] [stderr]    Compiling parking v2.0.0
[INFO] [stderr]    Compiling fastrand v1.4.0
[INFO] [stderr]    Compiling waker-fn v1.1.0
[INFO] [stderr]    Compiling difference v2.0.0
[INFO] [stderr]    Compiling tokio v0.3.6
[INFO] [stderr]    Compiling nom v5.1.2
[INFO] [stderr]    Compiling lexical-core v0.7.4
[INFO] [stderr]    Compiling crossbeam-queue v0.3.1
[INFO] [stderr]    Compiling serde_qs v0.7.2
[INFO] [stderr]    Compiling concurrent-queue v1.2.2
[INFO] [stderr]    Compiling pretty_assertions v0.6.1
[INFO] [stderr]    Compiling futures-lite v1.11.3
[INFO] [stderr]    Compiling async-channel v1.5.1
[INFO] [stdout] error[E0308]: mismatched types
[INFO] [stdout]   --> /opt/rustwide/cargo-home/registry/src/github.com-1ecc6299db9ec823/lexical-core-0.7.4/src/atof/algorithm/bhcomp.rs:62:24
[INFO] [stdout]    |
[INFO] [stdout] 62 |     let bytes = bits / Limb::BITS;
[INFO] [stdout]    |                        ^^^^^^^^^^ expected `usize`, found `u32`
[INFO] [stdout] 
[INFO] [stdout] 
[INFO] [stdout] error[E0277]: cannot divide `usize` by `u32`
[INFO] [stdout]   --> /opt/rustwide/cargo-home/registry/src/github.com-1ecc6299db9ec823/lexical-core-0.7.4/src/atof/algorithm/bhcomp.rs:62:22
[INFO] [stdout]    |
[INFO] [stdout] 62 |     let bytes = bits / Limb::BITS;
[INFO] [stdout]    |                      ^ no implementation for `usize / u32`
[INFO] [stdout]    |
[INFO] [stdout]    = help: the trait `Div<u32>` is not implemented for `usize`
[INFO] [stdout] 
[INFO] [stdout] 
[INFO] [stdout] error[E0308]: mismatched types
[INFO] [stdout]    --> /opt/rustwide/cargo-home/registry/src/github.com-1ecc6299db9ec823/lexical-core-0.7.4/src/atof/algorithm/bigcomp.rs:157:55
[INFO] [stdout]     |
[INFO] [stdout] 157 |     let nlz = den.leading_zeros().wrapping_sub(wlz) & (u32::BITS - 1);
[INFO] [stdout]     |                                                       ^^^^^^^^^^^^^^^ expected `usize`, found `u32`
[INFO] [stdout] 
[INFO] [stdout] 
[INFO] [stdout] error[E0277]: no implementation for `usize & u32`
[INFO] [stdout]    --> /opt/rustwide/cargo-home/registry/src/github.com-1ecc6299db9ec823/lexical-core-0.7.4/src/atof/algorithm/bigcomp.rs:157:53
[INFO] [stdout]     |
[INFO] [stdout] 157 |     let nlz = den.leading_zeros().wrapping_sub(wlz) & (u32::BITS - 1);
[INFO] [stdout]     |                                                     ^ no implementation for `usize & u32`
[INFO] [stdout]     |
[INFO] [stdout]     = help: the trait `BitAnd<u32>` is not implemented for `usize`
[INFO] [stdout] 
[INFO] [stdout] 
[INFO] [stdout] error[E0308]: mismatched types
[INFO] [stdout]    --> /opt/rustwide/cargo-home/registry/src/github.com-1ecc6299db9ec823/lexical-core-0.7.4/src/atof/algorithm/bigcomp.rs:175:40
[INFO] [stdout]     |
[INFO] [stdout] 175 |         let (q, r) = shift.ceil_divmod(Limb::BITS);
[INFO] [stdout]     |                                        ^^^^^^^^^^ expected `usize`, found `u32`
[INFO] [stdout]     |
[INFO] [stdout] help: you can convert a `u32` to a `usize` and panic if the converted value doesn't fit
[INFO] [stdout]     |
[INFO] [stdout] 175 |         let (q, r) = shift.ceil_divmod(Limb::BITS.try_into().unwrap());
[INFO] [stdout]     |                                        ^^^^^^^^^^^^^^^^^^^^^^^^^^^^^^
[INFO] [stdout] 
[INFO] [stdout] 
[INFO] [stdout] error[E0308]: mismatched types
[INFO] [stdout]     --> /opt/rustwide/cargo-home/registry/src/github.com-1ecc6299db9ec823/lexical-core-0.7.4/src/atof/algorithm/math.rs:1043:42
[INFO] [stdout]      |
[INFO] [stdout] 1043 |     let mut count = index.saturating_mul(Limb::BITS);
[INFO] [stdout]      |                                          ^^^^^^^^^^ expected `usize`, found `u32`
[INFO] [stdout]      |
[INFO] [stdout] help: you can convert a `u32` to a `usize` and panic if the converted value doesn't fit
[INFO] [stdout]      |
[INFO] [stdout] 1043 |     let mut count = index.saturating_mul(Limb::BITS.try_into().unwrap());
[INFO] [stdout]      |                                          ^^^^^^^^^^^^^^^^^^^^^^^^^^^^^^
[INFO] [stdout] 
[INFO] [stdout] 
[INFO] [stdout] error[E0308]: mismatched types
[INFO] [stdout]     --> /opt/rustwide/cargo-home/registry/src/github.com-1ecc6299db9ec823/lexical-core-0.7.4/src/atof/algorithm/math.rs:1058:28
[INFO] [stdout]      |
[INFO] [stdout] 1058 |     Limb::BITS.checked_mul(x.len())
[INFO] [stdout]      |                            ^^^^^^^ expected `u32`, found `usize`
[INFO] [stdout]      |
[INFO] [stdout] help: you can convert a `usize` to a `u32` and panic if the converted value doesn't fit
[INFO] [stdout]      |
[INFO] [stdout] 1058 |     Limb::BITS.checked_mul(x.len().try_into().unwrap())
[INFO] [stdout]      |                            ^^^^^^^^^^^^^^^^^^^^^^^^^^^
[INFO] [stdout] 
[INFO] [stdout] 
[INFO] [stdout] error[E0308]: mismatched types
[INFO] [stdout]     --> /opt/rustwide/cargo-home/registry/src/github.com-1ecc6299db9ec823/lexical-core-0.7.4/src/atof/algorithm/math.rs:1059:22
[INFO] [stdout]      |
[INFO] [stdout] 1059 |         .map(|v| v - nlz)
[INFO] [stdout]      |                      ^^^ expected `u32`, found `usize`
[INFO] [stdout] 
[INFO] [stdout] 
[INFO] [stdout] error[E0277]: cannot subtract `usize` from `u32`
[INFO] [stdout]     --> /opt/rustwide/cargo-home/registry/src/github.com-1ecc6299db9ec823/lexical-core-0.7.4/src/atof/algorithm/math.rs:1059:20
[INFO] [stdout]      |
[INFO] [stdout] 1059 |         .map(|v| v - nlz)
[INFO] [stdout]      |                    ^ no implementation for `u32 - usize`
[INFO] [stdout]      |
[INFO] [stdout]      = help: the trait `Sub<usize>` is not implemented for `u32`
[INFO] [stdout] 
[INFO] [stdout] 
[INFO] [stdout] error[E0308]: mismatched types
[INFO] [stdout]     --> /opt/rustwide/cargo-home/registry/src/github.com-1ecc6299db9ec823/lexical-core-0.7.4/src/atof/algorithm/math.rs:1060:20
[INFO] [stdout]      |
[INFO] [stdout] 1060 |         .unwrap_or(usize::max_value())
[INFO] [stdout]      |                    ^^^^^^^^^^^^^^^^^^ expected `u32`, found `usize`
[INFO] [stdout]      |
[INFO] [stdout] help: you can convert a `usize` to a `u32` and panic if the converted value doesn't fit
[INFO] [stdout]      |
[INFO] [stdout] 1060 |         .unwrap_or(usize::max_value().try_into().unwrap())
[INFO] [stdout]      |                    ^^^^^^^^^^^^^^^^^^^^^^^^^^^^^^^^^^^^^^
[INFO] [stdout] 
[INFO] [stdout] 
[INFO] [stdout] error[E0308]: mismatched types
[INFO] [stdout]     --> /opt/rustwide/cargo-home/registry/src/github.com-1ecc6299db9ec823/lexical-core-0.7.4/src/atof/algorithm/math.rs:1058:5
[INFO] [stdout]      |
[INFO] [stdout] 1054 |   pub fn bit_length(x: &[Limb]) -> usize {
[INFO] [stdout]      |                                    ----- expected `usize` because of return type
[INFO] [stdout] ...
[INFO] [stdout] 1058 | /     Limb::BITS.checked_mul(x.len())
[INFO] [stdout] 1059 | |         .map(|v| v - nlz)
[INFO] [stdout] 1060 | |         .unwrap_or(usize::max_value())
[INFO] [stdout]      | |______________________________________^ expected `usize`, found `u32`
[INFO] [stdout]      |
[INFO] [stdout] help: you can convert a `u32` to a `usize` and panic if the converted value doesn't fit
[INFO] [stdout]      |
[INFO] [stdout] 1058 |     Limb::BITS.checked_mul(x.len())
[INFO] [stdout] 1059 |         .map(|v| v - nlz)
[INFO] [stdout] 1060 |         .unwrap_or(usize::max_value()).try_into().unwrap()
[INFO] [stdout]      |
[INFO] [stdout] 
[INFO] [stdout] 
[INFO] [stdout] error[E0308]: mismatched types
[INFO] [stdout]     --> /opt/rustwide/cargo-home/registry/src/github.com-1ecc6299db9ec823/lexical-core-0.7.4/src/atof/algorithm/math.rs:1085:23
[INFO] [stdout]      |
[INFO] [stdout] 1085 |     debug_assert!(n < bits && n != 0);
[INFO] [stdout]      |                       ^^^^ expected `usize`, found `u32`
[INFO] [stdout]      |
[INFO] [stdout] help: you can convert a `u32` to a `usize` and panic if the converted value doesn't fit
[INFO] [stdout]      |
[INFO] [stdout] 1085 |     debug_assert!(n < bits.try_into().unwrap() && n != 0);
[INFO] [stdout]      |                       ^^^^^^^^^^^^^^^^^^^^^^^^
[INFO] [stdout] 
[INFO] [stdout] 
[INFO] [stdout] error[E0308]: mismatched types
[INFO] [stdout]     --> /opt/rustwide/cargo-home/registry/src/github.com-1ecc6299db9ec823/lexical-core-0.7.4/src/atof/algorithm/math.rs:1092:25
[INFO] [stdout]      |
[INFO] [stdout] 1092 |     let lshift = bits - n;
[INFO] [stdout]      |                         ^ expected `u32`, found `usize`
[INFO] [stdout] 
[INFO] [stdout] 
[INFO] [stdout] error[E0277]: cannot subtract `usize` from `u32`
[INFO] [stdout]     --> /opt/rustwide/cargo-home/registry/src/github.com-1ecc6299db9ec823/lexical-core-0.7.4/src/atof/algorithm/math.rs:1092:23
[INFO] [stdout]      |
[INFO] [stdout] 1092 |     let lshift = bits - n;
[INFO] [stdout]      |                       ^ no implementation for `u32 - usize`
[INFO] [stdout]      |
[INFO] [stdout]      = help: the trait `Sub<usize>` is not implemented for `u32`
[INFO] [stdout] 
[INFO] [stdout] 
[INFO] [stdout] error[E0308]: mismatched types
[INFO] [stdout]     --> /opt/rustwide/cargo-home/registry/src/github.com-1ecc6299db9ec823/lexical-core-0.7.4/src/atof/algorithm/math.rs:1134:19
[INFO] [stdout]      |
[INFO] [stdout] 1134 |     let rem = n % bits;
[INFO] [stdout]      |                   ^^^^ expected `usize`, found `u32`
[INFO] [stdout] 
[INFO] [stdout] 
[INFO] [stdout] error[E0277]: cannot mod `usize` by `u32`
[INFO] [stdout]     --> /opt/rustwide/cargo-home/registry/src/github.com-1ecc6299db9ec823/lexical-core-0.7.4/src/atof/algorithm/math.rs:1134:17
[INFO] [stdout]      |
[INFO] [stdout] 1134 |     let rem = n % bits;
[INFO] [stdout]      |                 ^ no implementation for `usize % u32`
[INFO] [stdout]      |
[INFO] [stdout]      = help: the trait `Rem<u32>` is not implemented for `usize`
[INFO] [stdout] 
[INFO] [stdout] 
[INFO] [stdout] error[E0308]: mismatched types
[INFO] [stdout]     --> /opt/rustwide/cargo-home/registry/src/github.com-1ecc6299db9ec823/lexical-core-0.7.4/src/atof/algorithm/math.rs:1135:19
[INFO] [stdout]      |
[INFO] [stdout] 1135 |     let div = n / bits;
[INFO] [stdout]      |                   ^^^^ expected `usize`, found `u32`
[INFO] [stdout] 
[INFO] [stdout] 
[INFO] [stdout] error[E0277]: cannot divide `usize` by `u32`
[INFO] [stdout]     --> /opt/rustwide/cargo-home/registry/src/github.com-1ecc6299db9ec823/lexical-core-0.7.4/src/atof/algorithm/math.rs:1135:17
[INFO] [stdout]      |
[INFO] [stdout] 1135 |     let div = n / bits;
[INFO] [stdout]      |                 ^ no implementation for `usize / u32`
[INFO] [stdout]      |
[INFO] [stdout]      = help: the trait `Div<u32>` is not implemented for `usize`
[INFO] [stdout] 
[INFO] [stdout] 
[INFO] [stdout] error[E0308]: mismatched types
[INFO] [stdout]     --> /opt/rustwide/cargo-home/registry/src/github.com-1ecc6299db9ec823/lexical-core-0.7.4/src/atof/algorithm/math.rs:1191:23
[INFO] [stdout]      |
[INFO] [stdout] 1191 |     debug_assert!(n < bits);
[INFO] [stdout]      |                       ^^^^ expected `usize`, found `u32`
[INFO] [stdout]      |
[INFO] [stdout] help: you can convert a `u32` to a `usize` and panic if the converted value doesn't fit
[INFO] [stdout]      |
[INFO] [stdout] 1191 |     debug_assert!(n < bits.try_into().unwrap());
[INFO] [stdout]      |                       ^^^^^^^^^^^^^^^^^^^^^^^^
[INFO] [stdout] 
[INFO] [stdout] 
[INFO] [stdout] error[E0308]: mismatched types
[INFO] [stdout]     --> /opt/rustwide/cargo-home/registry/src/github.com-1ecc6299db9ec823/lexical-core-0.7.4/src/atof/algorithm/math.rs:1201:25
[INFO] [stdout]      |
[INFO] [stdout] 1201 |     let rshift = bits - n;
[INFO] [stdout]      |                         ^ expected `u32`, found `usize`
[INFO] [stdout] 
[INFO] [stdout] 
[INFO] [stdout] error[E0277]: cannot subtract `usize` from `u32`
[INFO] [stdout]     --> /opt/rustwide/cargo-home/registry/src/github.com-1ecc6299db9ec823/lexical-core-0.7.4/src/atof/algorithm/math.rs:1201:23
[INFO] [stdout]      |
[INFO] [stdout] 1201 |     let rshift = bits - n;
[INFO] [stdout]      |                       ^ no implementation for `u32 - usize`
[INFO] [stdout]      |
[INFO] [stdout]      = help: the trait `Sub<usize>` is not implemented for `u32`
[INFO] [stdout] 
[INFO] [stdout] 
[INFO] [stdout] error[E0308]: mismatched types
[INFO] [stdout]     --> /opt/rustwide/cargo-home/registry/src/github.com-1ecc6299db9ec823/lexical-core-0.7.4/src/atof/algorithm/math.rs:1253:19
[INFO] [stdout]      |
[INFO] [stdout] 1253 |     let rem = n % bits;
[INFO] [stdout]      |                   ^^^^ expected `usize`, found `u32`
[INFO] [stdout] 
[INFO] [stdout] 
[INFO] [stdout] error[E0277]: cannot mod `usize` by `u32`
[INFO] [stdout]     --> /opt/rustwide/cargo-home/registry/src/github.com-1ecc6299db9ec823/lexical-core-0.7.4/src/atof/algorithm/math.rs:1253:17
[INFO] [stdout]      |
[INFO] [stdout] 1253 |     let rem = n % bits;
[INFO] [stdout]      |                 ^ no implementation for `usize % u32`
[INFO] [stdout]      |
[INFO] [stdout]      = help: the trait `Rem<u32>` is not implemented for `usize`
[INFO] [stdout] 
[INFO] [stdout] 
[INFO] [stdout] error[E0308]: mismatched types
[INFO] [stdout]     --> /opt/rustwide/cargo-home/registry/src/github.com-1ecc6299db9ec823/lexical-core-0.7.4/src/atof/algorithm/math.rs:1254:19
[INFO] [stdout]      |
[INFO] [stdout] 1254 |     let div = n / bits;
[INFO] [stdout]      |                   ^^^^ expected `usize`, found `u32`
[INFO] [stdout] 
[INFO] [stdout] 
[INFO] [stdout] error[E0277]: cannot divide `usize` by `u32`
[INFO] [stdout]     --> /opt/rustwide/cargo-home/registry/src/github.com-1ecc6299db9ec823/lexical-core-0.7.4/src/atof/algorithm/math.rs:1254:17
[INFO] [stdout]      |
[INFO] [stdout] 1254 |     let div = n / bits;
[INFO] [stdout]      |                 ^ no implementation for `usize / u32`
[INFO] [stdout]      |
[INFO] [stdout]      = help: the trait `Div<u32>` is not implemented for `usize`
[INFO] [stdout] 
[INFO] [stdout] 
[INFO] [stdout] error[E0308]: mismatched types
[INFO] [stdout]     --> /opt/rustwide/cargo-home/registry/src/github.com-1ecc6299db9ec823/lexical-core-0.7.4/src/atof/algorithm/math.rs:2065:27
[INFO] [stdout]      |
[INFO] [stdout] 2065 |     let rs = Limb::BITS - s;
[INFO] [stdout]      |                           ^ expected `u32`, found `usize`
[INFO] [stdout] 
[INFO] [stdout] 
[INFO] [stdout] error[E0277]: cannot subtract `usize` from `u32`
[INFO] [stdout]     --> /opt/rustwide/cargo-home/registry/src/github.com-1ecc6299db9ec823/lexical-core-0.7.4/src/atof/algorithm/math.rs:2065:25
[INFO] [stdout]      |
[INFO] [stdout] 2065 |     let rs = Limb::BITS - s;
[INFO] [stdout]      |                         ^ no implementation for `u32 - usize`
[INFO] [stdout]      |
[INFO] [stdout]      = help: the trait `Sub<usize>` is not implemented for `u32`
[INFO] [stdout] 
[INFO] [stdout] 
[INFO] [stdout] error: aborting due to 27 previous errors
[INFO] [stdout] 
[INFO] [stdout] 
[INFO] [stdout] Some errors have detailed explanations: E0277, E0308.
[INFO] [stdout] 
[INFO] [stdout] For more information about an error, try `rustc --explain E0277`.
[INFO] [stdout] 
[INFO] [stderr] error: could not compile `lexical-core`
[INFO] [stderr] 
[INFO] [stderr] To learn more, run the command again with --verbose.
[INFO] [stderr] warning: build failed, waiting for other jobs to finish...
[INFO] [stderr] error: build failed
[INFO] running `Command { std: "docker" "inspect" "e0a3722e58cd90b6aaf761730ee505688bff8abc29ac65ec9dc1fb0b2f91c9cc", kill_on_drop: false }`
[INFO] running `Command { std: "docker" "rm" "-f" "e0a3722e58cd90b6aaf761730ee505688bff8abc29ac65ec9dc1fb0b2f91c9cc", kill_on_drop: false }`
[INFO] [stdout] e0a3722e58cd90b6aaf761730ee505688bff8abc29ac65ec9dc1fb0b2f91c9cc
